{"id":13,"date":"2017-08-07T17:09:25","date_gmt":"2017-08-07T17:09:25","guid":{"rendered":"http:\/\/hectorreyes.com\/wordpress\/?page_id=13"},"modified":"2025-10-15T06:05:38","modified_gmt":"2025-10-15T06:05:38","slug":"portada","status":"publish","type":"page","link":"https:\/\/hectorreyes.com\/","title":{"rendered":"P\u00c1GINA OFICIAL H\u00c9CTOR REYES"},"content":{"rendered":"<p style=\"text-align: center;\">LUCES Y SOMBRAS: \u00a1NUEVO DISCO!<\/p>\n<p style=\"text-align: center;\">DISPONIBLE A PARTIR DEL 14 DE NOVIEMBRE EN PLATAFORMAS DIGITALES<\/p>\n<p style=\"text-align: center;\">\u00a1RES\u00c9RVALO YA!<\/p>\n<p><a href=\"https:\/\/lnk.to\/luces-y-sombras-x4oDuL\"><img loading=\"lazy\" decoding=\"async\" class=\"size-full wp-image-163 aligncenter\" src=\"https:\/\/hectorreyes.com\/wp-content\/uploads\/2025\/10\/PLATAFORMAS.png\" alt=\"\" width=\"300\" height=\"300\" \/><\/a><\/p>\n<p style=\"text-align: center;\">S\u00cdGUEME EN REDES:<\/p>\n<div style=\"text-align: center;\" data-offset-key=\"37uml-0-0\"><\/div>\n<div style=\"text-align: center;\" data-offset-key=\"37uml-0-0\">\n<table class=\" aligncenter\" style=\"border-collapse: collapse; border-style: hidden; width: 53.0952%; height: 227px;\">\n<tbody>\n<tr style=\"height: 107px;\">\n<td style=\"text-align: center;\"><a href=\"https:\/\/www.instagram.com\/hector_reyes_musico\/\">@hector_reyes_musico<img loading=\"lazy\" decoding=\"async\" class=\"wp-image-213 aligncenter\" src=\"https:\/\/hectorreyes.com\/wp-content\/uploads\/2025\/10\/instagram.jpg\" alt=\"\" width=\"65\" height=\"65\" \/><\/a><\/td>\n<\/tr>\n<tr style=\"height: 107px;\">\n<td style=\"width: 107px; height: 107px;\"><a href=\"https:\/\/www.youtube.com\/channel\/UCWmcMb-lhjgAjlQYAQ-lK8A\"><img loading=\"lazy\" decoding=\"async\" class=\"wp-image-213 aligncenter\" src=\"https:\/\/hectorreyes.com\/wp-content\/uploads\/2022\/02\/logo_youtube.jpg\" alt=\"\" width=\"65\" height=\"65\" \/><\/a><\/td>\n<\/tr>\n<tr style=\"height: 107px;\">\n<td style=\"width: 107px; height: 107px;\"><a href=\"https:\/\/open.spotify.com\/artist\/63ANGisGrVEDYa4BevorBs\" target=\"_blank\" rel=\"noopener\"><img loading=\"lazy\" decoding=\"async\" class=\"wp-image-211 aligncenter\" src=\"https:\/\/hectorreyes.com\/wp-content\/uploads\/2022\/02\/spotify-logo.png\" alt=\"\" width=\"65\" height=\"65\" \/><\/a><\/td>\n<\/tr>\n<tr style=\"height: 107px;\">\n<td style=\"width: 107px; height: 103px;\"><a href=\"https:\/\/www.facebook.com\/profile.php?id=100022555490512\"><img loading=\"lazy\" decoding=\"async\" class=\"wp-image-145 aligncenter\" src=\"http:\/\/hectorreyes.com\/wp-content\/uploads\/2017\/08\/fb_icon_325x325.png\" alt=\"\" width=\"65\" height=\"65\" srcset=\"https:\/\/hectorreyes.com\/wp-content\/uploads\/2017\/08\/fb_icon_325x325.png 325w, https:\/\/hectorreyes.com\/wp-content\/uploads\/2017\/08\/fb_icon_325x325-150x150.png 150w, https:\/\/hectorreyes.com\/wp-content\/uploads\/2017\/08\/fb_icon_325x325-300x300.png 300w\" sizes=\"auto, (max-width: 65px) 85vw, 65px\" \/><\/a><\/td>\n<\/tr>\n<tr style=\"height: 107px;\">\n<td style=\"width: 107px; height: 103px;\"><a href=\"https:\/\/x.com\/musichectoreyes\">@musichectoreyes<img loading=\"lazy\" decoding=\"async\" class=\"wp-image-93 aligncenter\" src=\"https:\/\/hectorreyes.com\/wp-content\/uploads\/2025\/10\/logo_X.avif\" alt=\"\" width=\"65\" height=\"65\" \/><\/a><\/td>\n<\/tr>\n<\/tbody>\n<\/table>\n<\/div>\n<div style=\"text-align: center;\" data-offset-key=\"37uml-0-0\"><\/div>\n<div style=\"text-align: center;\" data-offset-key=\"37uml-0-0\"><\/div>\n<div style=\"text-align: center;\" data-offset-key=\"37uml-0-0\"><\/div>\n<div data-offset-key=\"37uml-0-0\"><\/div>\n<div data-offset-key=\"37uml-0-0\"><\/div>\n<div data-offset-key=\"37uml-0-0\"><\/div>\n<div data-offset-key=\"37uml-0-0\"><\/div>\n<div data-offset-key=\"37uml-0-0\"><\/div>\n<div data-offset-key=\"37uml-0-0\"><\/div>\n<div data-offset-key=\"37uml-0-0\"><\/div>\n<div data-offset-key=\"37uml-0-0\"><\/div>\n<div data-offset-key=\"37uml-0-0\"><\/div>\n<div data-offset-key=\"37uml-0-0\"><\/div>\n<div data-offset-key=\"37uml-0-0\"><\/div>\n<div data-offset-key=\"37uml-0-0\"><\/div>\n<div style=\"text-align: center;\" data-offset-key=\"37uml-0-0\">M\u00fasica instrumental, solos de piano, obras sinf\u00f3nicas y progresivas, canciones&#8230; \u00a1todo un crisol de posibilidades sonoras!<\/div>\n<div class=\"\" data-block=\"true\" data-editor=\"foo39\" data-offset-key=\"4hm7p-0-0\">\n<div style=\"text-align: center;\" data-offset-key=\"4hm7p-0-0\"><\/div>\n<\/div>\n<p><img loading=\"lazy\" decoding=\"async\" class=\"alignnone  wp-image-180\" src=\"https:\/\/hectorreyes.com\/wp-content\/uploads\/2020\/08\/HECTOR-REYES-TRIO-Foto-Frame-8-1024x576.jpg\" alt=\"\" width=\"387\" height=\"218\" srcset=\"https:\/\/hectorreyes.com\/wp-content\/uploads\/2020\/08\/HECTOR-REYES-TRIO-Foto-Frame-8-1024x576.jpg 1024w, https:\/\/hectorreyes.com\/wp-content\/uploads\/2020\/08\/HECTOR-REYES-TRIO-Foto-Frame-8-300x169.jpg 300w, https:\/\/hectorreyes.com\/wp-content\/uploads\/2020\/08\/HECTOR-REYES-TRIO-Foto-Frame-8-768x432.jpg 768w, https:\/\/hectorreyes.com\/wp-content\/uploads\/2020\/08\/HECTOR-REYES-TRIO-Foto-Frame-8-1536x864.jpg 1536w, https:\/\/hectorreyes.com\/wp-content\/uploads\/2020\/08\/HECTOR-REYES-TRIO-Foto-Frame-8-1200x675.jpg 1200w, https:\/\/hectorreyes.com\/wp-content\/uploads\/2020\/08\/HECTOR-REYES-TRIO-Foto-Frame-8.jpg 1920w\" sizes=\"auto, (max-width: 387px) 85vw, 387px\" \/><img loading=\"lazy\" decoding=\"async\" class=\"wp-image-140 alignleft\" src=\"http:\/\/hectorreyes.com\/wp-content\/uploads\/2017\/08\/DSC_0874-1024x678.jpg\" alt=\"\" width=\"310\" height=\"206\" srcset=\"https:\/\/hectorreyes.com\/wp-content\/uploads\/2017\/08\/DSC_0874-1024x678.jpg 1024w, https:\/\/hectorreyes.com\/wp-content\/uploads\/2017\/08\/DSC_0874-300x199.jpg 300w, https:\/\/hectorreyes.com\/wp-content\/uploads\/2017\/08\/DSC_0874-768x509.jpg 768w, https:\/\/hectorreyes.com\/wp-content\/uploads\/2017\/08\/DSC_0874-1200x795.jpg 1200w\" sizes=\"auto, (max-width: 310px) 85vw, 310px\" \/><\/p>\n<p style=\"text-align: center;\"><span style=\"font-size: 14pt;\">En esta p\u00e1gina comparto contigo algunas de las obras de mis nueve trabajos discogr\u00e1ficos publicados.<\/span><\/p>\n<p style=\"text-align: center;\"><iframe loading=\"lazy\" src=\"\/\/www.youtube.com\/embed\/8-bo03C2O4g\" width=\"560\" height=\"314\" allowfullscreen=\"allowfullscreen\"><\/iframe><\/p>\n<p><img loading=\"lazy\" decoding=\"async\" class=\"size-full wp-image-163 aligncenter\" src=\"https:\/\/hectorreyes.com\/wp-content\/uploads\/2025\/10\/Portada-Luces-y-sombras-buena-calidad-scaled.jpg\" alt=\"\" width=\"369\" height=\"291\" \/><br \/>\n<img loading=\"lazy\" decoding=\"async\" class=\"wp-image-190 aligncenter\" src=\"https:\/\/hectorreyes.com\/wp-content\/uploads\/2022\/01\/Portada-COnVIDa-1018x1024.jpg\" alt=\"\" width=\"356\" height=\"358\" srcset=\"https:\/\/hectorreyes.com\/wp-content\/uploads\/2022\/01\/Portada-COnVIDa-1018x1024.jpg 1018w, https:\/\/hectorreyes.com\/wp-content\/uploads\/2022\/01\/Portada-COnVIDa-298x300.jpg 298w, https:\/\/hectorreyes.com\/wp-content\/uploads\/2022\/01\/Portada-COnVIDa-150x150.jpg 150w, https:\/\/hectorreyes.com\/wp-content\/uploads\/2022\/01\/Portada-COnVIDa-768x773.jpg 768w, https:\/\/hectorreyes.com\/wp-content\/uploads\/2022\/01\/Portada-COnVIDa-1200x1208.jpg 1200w, https:\/\/hectorreyes.com\/wp-content\/uploads\/2022\/01\/Portada-COnVIDa.jpg 1435w\" sizes=\"auto, (max-width: 356px) 85vw, 356px\" \/><\/p>\n<p><img loading=\"lazy\" decoding=\"async\" class=\"size-full wp-image-163 aligncenter\" src=\"https:\/\/hectorreyes.com\/wp-content\/uploads\/2019\/10\/inlay-reverso-peque\u00f1o.png\" alt=\"\" width=\"369\" height=\"291\" srcset=\"https:\/\/hectorreyes.com\/wp-content\/uploads\/2019\/10\/inlay-reverso-peque\u00f1o.png 369w, https:\/\/hectorreyes.com\/wp-content\/uploads\/2019\/10\/inlay-reverso-peque\u00f1o-300x237.png 300w\" sizes=\"auto, (max-width: 369px) 85vw, 369px\" \/><\/p>\n<p><img loading=\"lazy\" decoding=\"async\" class=\"wp-image-108 aligncenter\" src=\"http:\/\/hectorreyes.com\/wp-content\/uploads\/2017\/08\/retales-web-994x1024.jpg\" alt=\"\" width=\"251\" height=\"259\" srcset=\"https:\/\/hectorreyes.com\/wp-content\/uploads\/2017\/08\/retales-web-994x1024.jpg 994w, https:\/\/hectorreyes.com\/wp-content\/uploads\/2017\/08\/retales-web-291x300.jpg 291w, https:\/\/hectorreyes.com\/wp-content\/uploads\/2017\/08\/retales-web-768x792.jpg 768w, https:\/\/hectorreyes.com\/wp-content\/uploads\/2017\/08\/retales-web-1200x1237.jpg 1200w, https:\/\/hectorreyes.com\/wp-content\/uploads\/2017\/08\/retales-web.jpg 1437w\" sizes=\"auto, (max-width: 251px) 85vw, 251px\" \/><\/p>\n<p><img loading=\"lazy\" decoding=\"async\" class=\"alignnone size-thumbnail wp-image-70\" src=\"http:\/\/hectorreyes.com\/wp-content\/uploads\/2017\/08\/sexta-150x150.jpg\" alt=\"\" width=\"150\" height=\"150\" \/><img loading=\"lazy\" decoding=\"async\" class=\"alignnone size-thumbnail wp-image-69\" src=\"http:\/\/hectorreyes.com\/wp-content\/uploads\/2017\/08\/hdlc-150x150.jpg\" alt=\"\" width=\"150\" height=\"150\" \/><img loading=\"lazy\" decoding=\"async\" class=\"alignnone size-thumbnail wp-image-68\" src=\"http:\/\/hectorreyes.com\/wp-content\/uploads\/2017\/08\/encadenado-150x150.jpg\" alt=\"\" width=\"150\" height=\"150\" srcset=\"https:\/\/hectorreyes.com\/wp-content\/uploads\/2017\/08\/encadenado-150x150.jpg 150w, https:\/\/hectorreyes.com\/wp-content\/uploads\/2017\/08\/encadenado-300x300.jpg 300w, https:\/\/hectorreyes.com\/wp-content\/uploads\/2017\/08\/encadenado.jpg 500w\" sizes=\"auto, (max-width: 150px) 85vw, 150px\" \/><img loading=\"lazy\" decoding=\"async\" class=\"alignnone size-thumbnail wp-image-67\" src=\"http:\/\/hectorreyes.com\/wp-content\/uploads\/2017\/08\/cristalino-150x150.jpg\" alt=\"\" width=\"150\" height=\"150\" \/><img loading=\"lazy\" decoding=\"async\" class=\"alignnone size-thumbnail wp-image-71\" src=\"http:\/\/hectorreyes.com\/wp-content\/uploads\/2017\/08\/cd-portada-150x150.jpg\" alt=\"\" width=\"150\" height=\"150\" srcset=\"https:\/\/hectorreyes.com\/wp-content\/uploads\/2017\/08\/cd-portada-150x150.jpg 150w, https:\/\/hectorreyes.com\/wp-content\/uploads\/2017\/08\/cd-portada-300x300.jpg 300w, https:\/\/hectorreyes.com\/wp-content\/uploads\/2017\/08\/cd-portada-768x768.jpg 768w, https:\/\/hectorreyes.com\/wp-content\/uploads\/2017\/08\/cd-portada-1024x1024.jpg 1024w, https:\/\/hectorreyes.com\/wp-content\/uploads\/2017\/08\/cd-portada-1200x1200.jpg 1200w, https:\/\/hectorreyes.com\/wp-content\/uploads\/2017\/08\/cd-portada.jpg 1417w\" sizes=\"auto, (max-width: 150px) 85vw, 150px\" \/><\/p>\n<p style=\"text-align: center;\"><span style=\"font-size: 14pt;\">\u00a1Apasionado de la m\u00fasica para teatro, cine y televisi\u00f3n!<\/span><\/p>\n<p><img loading=\"lazy\" decoding=\"async\" class=\"wp-image-267 aligncenter\" src=\"https:\/\/hectorreyes.com\/wp-content\/uploads\/2023\/05\/con-Toni-Acosta-819x1024.jpg\" alt=\"\" width=\"237\" height=\"296\" srcset=\"https:\/\/hectorreyes.com\/wp-content\/uploads\/2023\/05\/con-Toni-Acosta-819x1024.jpg 819w, https:\/\/hectorreyes.com\/wp-content\/uploads\/2023\/05\/con-Toni-Acosta-240x300.jpg 240w, https:\/\/hectorreyes.com\/wp-content\/uploads\/2023\/05\/con-Toni-Acosta-768x960.jpg 768w, https:\/\/hectorreyes.com\/wp-content\/uploads\/2023\/05\/con-Toni-Acosta-1229x1536.jpg 1229w, https:\/\/hectorreyes.com\/wp-content\/uploads\/2023\/05\/con-Toni-Acosta-1638x2048.jpg 1638w, https:\/\/hectorreyes.com\/wp-content\/uploads\/2023\/05\/con-Toni-Acosta-1200x1500.jpg 1200w, https:\/\/hectorreyes.com\/wp-content\/uploads\/2023\/05\/con-Toni-Acosta-scaled.jpg 2048w\" sizes=\"auto, (max-width: 237px) 85vw, 237px\" \/><\/p>\n<p style=\"text-align: center;\"><a href=\"https:\/\/www.youtube.com\/user\/lamusicaeleva\/playlists\" target=\"blank\" rel=\"noopener noreferrer\">Aqu\u00ed tienes algunas muestras de mi m\u00fasica.<\/a><\/p>\n<p style=\"text-align: center;\"><iframe loading=\"lazy\" src=\"\/\/www.youtube.com\/embed\/klK_nYUvFQ8\" width=\"560\" height=\"314\" allowfullscreen=\"allowfullscreen\"><\/iframe><\/p>\n","protected":false},"excerpt":{"rendered":"<p>LUCES Y SOMBRAS: \u00a1NUEVO DISCO! DISPONIBLE A PARTIR DEL 14 DE NOVIEMBRE EN PLATAFORMAS DIGITALES \u00a1RES\u00c9RVALO YA! S\u00cdGUEME EN REDES: @hector_reyes_musico @musichectoreyes M\u00fasica instrumental, solos de piano, obras sinf\u00f3nicas y progresivas, canciones&#8230; \u00a1todo un crisol de posibilidades sonoras! En esta p\u00e1gina comparto contigo algunas de las obras de mis nueve trabajos discogr\u00e1ficos publicados. \u00a1Apasionado de &hellip; <a href=\"https:\/\/hectorreyes.com\/\" class=\"more-link\">Continuar leyendo<span class=\"screen-reader-text\"> \u00abP\u00c1GINA OFICIAL H\u00c9CTOR REYES\u00bb<\/span><\/a><\/p>\n","protected":false},"author":1,"featured_media":0,"parent":0,"menu_order":0,"comment_status":"closed","ping_status":"closed","template":"","meta":{"footnotes":""},"class_list":["post-13","page","type-page","status-publish","hentry"],"_links":{"self":[{"href":"https:\/\/hectorreyes.com\/index.php?rest_route=\/wp\/v2\/pages\/13","targetHints":{"allow":["GET"]}}],"collection":[{"href":"https:\/\/hectorreyes.com\/index.php?rest_route=\/wp\/v2\/pages"}],"about":[{"href":"https:\/\/hectorreyes.com\/index.php?rest_route=\/wp\/v2\/types\/page"}],"author":[{"embeddable":true,"href":"https:\/\/hectorreyes.com\/index.php?rest_route=\/wp\/v2\/users\/1"}],"replies":[{"embeddable":true,"href":"https:\/\/hectorreyes.com\/index.php?rest_route=%2Fwp%2Fv2%2Fcomments&post=13"}],"version-history":[{"count":115,"href":"https:\/\/hectorreyes.com\/index.php?rest_route=\/wp\/v2\/pages\/13\/revisions"}],"predecessor-version":[{"id":307,"href":"https:\/\/hectorreyes.com\/index.php?rest_route=\/wp\/v2\/pages\/13\/revisions\/307"}],"wp:attachment":[{"href":"https:\/\/hectorreyes.com\/index.php?rest_route=%2Fwp%2Fv2%2Fmedia&parent=13"}],"curies":[{"name":"wp","href":"https:\/\/api.w.org\/{rel}","templated":true}]}}